14) to base 13.
b07
-1230031 (base 4) to base 13
-31c9
What is -3789 (base 10) in base 16?
-ecd
Convert -3277 (base 13) to base 9.
-10567
What is 618 (base 9) in base 3?
200122
Convert 9c7 (base 15) to base 16.
8a4
Convert 1442 (base 11) to base 12.
10b1
132 (base 8) to base 10
90
496 (base 12) to base 11
578
-102012021 (base 3) to base 11
-614a
Convert 10435 (base 6) to base 9.
2005
Convert 807 (base 9) to base 7.
1624
Convert -1000101010110111 (base 2) to base 8.
-105267
Convert -10311 (base 4) to base 8.
-465
42a (base 13) to base 8
1310
What is 1104 (base 6) in base 10?
256
1000101001001010 (base 2) to base 6
431522
What is -2404 (base 5) in base 11?
-2a2
-50405 (base 8) to base 12
-10005
-147 (base 10) to base 7
-300
-583 (base 9) to base 13
-2ac
What is -682 (base 13) in base 12?
-794
What is -1a5 (base 12) in base 10?
-269
171 (base 15) to base 16
14b
What is -1136 (base 11) in base 12?
-a43
10620 (base 7) to base 6
20313
Convert 101010110101101 (base 2) to base 4.
11112231
-226 (base 8) to base 13
-b7
Convert 245a (base 11) to base 12.
1a37
412500 (base 6) to base 11
22891
-a6 (base 11) to base 2
-1110100
Convert -1374 (base 8) to base 5.
-11024
Convert 560 (base 16) to base 10.
1376
118c (base 14) to base 10
3064
Convert 43320 (base 7) to base 16.
2a2a
Convert -474 (base 9) to base 6.
-1451
What is 3089 (base 11) in base 8?
7772
What is -1033 (base 12) in base 3?
-2102110
What is -b587 (base 12) in base 7?
-111550
Convert 2010201 (base 3) to base 14.
7d4
-113534 (base 7) to base 6
-234535
-101312 (base 4) to base 11
-949
What is 7228 (base 12) in base 9?
18025
What is -1011010110011 (base 2) in base 3?
-21222020
What is 101110010100101 (base 2) in base 9?
35472
Convert 9515 (base 12) to base 8.
37641
511 (base 8) to base 4
11021
What is -1000101111001 (base 2) in base 11?
-33a7
What is -600 (base 7) in base 15?
-149
Convert -3540 (base 13) to base 15.
-2343
What is -171 (base 14) in base 11?
-249
Convert -18863 (base 12) to base 16.
-8bcb
What is -100000001111 (base 2) in base 3?
-2211102
-171 (base 13) to base 7
-522
Convert -8064 (base 10) to base 15.
-25c9
What is -52 (base 14) in base 12?
-60
What is -1331 (base 13) in base 3?
-10202122
What is -27e (base 15) in base 8?
-1071
-22788 (base 9) to base 10
-15227
What is -26c9 (base 14) in base 9?
-10341
Convert -2189 (base 12) to base 11.
-2869
Convert -2663 (base 7) to base 6.
-4425
Convert -10103 (base 4) to base 14.
-159
Convert -1006 (base 9) to base 11.
-609
What is ce (base 15) in base 14?
dc
Convert 315 (base 11) to base 10.
379
-4ad (base 15) to base 11
-887
What is 329d (base 15) in base 12?
6257
Convert 43104 (base 7) to base 4.
2212332
Convert 2a43 (base 11) to base 2.
111101001111
2214 (base 10) to base 3
10001000
Convert -1230 (base 5) to base 15.
-ca
83312 (base 9) to base 12
27955
What is 109e (base 16) in base 6?
31410
-841 (base 14) to base 2
-11001011001
-157430 (base 8) to base 3
-2220100021
789 (base 14) to base 10
1493
What is -1411203 (base 5) in base 7?
-150224
What is -83a (base 14) in base 11?
-1243
Convert -3144 (base 7) to base 2.
-10001010110
Convert -100021 (base 6) to base 15.
-2494
What is -1898 (base 13) in base 11?
-2840
What is 25821 (base 12) in base 15?
102e4
Convert -149 (base 14) to base 11.
-218
What is c0 (base 13) in base 3?
12210
What is 124 (base 6) in base 11?
48
Convert -55847 (base 9) to base 5.
-2142031
-8689 (base 11) to base 14
-4275
-123310 (base 4) to base 14
-912
Convert -3524 (base 6) to base 12.
-5a4
What is 5901 (base 10) in base 8?
13415
Convert 211 (base 15) to base 10.
466
Convert -b3c (base 15) to base 12.
-1570
What is 4794 (base 13) in base 5?
310332
Convert -57c1 (base 16) to base 12.
-11001
What is a45 (base 11) in base 12?
88b
Convert 26a (base 13) to base 14.
226
13160 (base 12) to base 11
18700
What is 70 (base 11) in base 16?
4d
-37 (base 12) to base 7
-61
What is -111100011 (base 2) in base 6?
-2123
What is -2124 (base 11) in base 10?
-2809
What is 7cb3 (base 13) in base 4?
10102101
Convert 3a (base 11) to base 7.
61
What is 110222 (base 3) in base 11?
299
What is 12600 (base 7) in base 11?
25a4
Convert 100133 (base 5) to base 10.
3168
100000101010 (base 2) to base 13
c4a
What is -12aa5 (base 11) in base 6?
-222124
-202010002 (base 3) to base 7
-60515
Convert -724 (base 12) to base 6.
-4444
What is 11100111110111 (base 2) in base 14?
559d
Convert -1003 (base 6) to base 10.
-219
Convert 302 (base 9) to base 3.
100002
Convert -a65 (base 11) to base 7.
-3510
What is 324 (base 9) in base 14?
14d
13012 (base 4) to base 9
554
Convert -3958 (base 11) to base 12.
-2b89
What is -12633 (base 7) in base 5?
-102110
-889 (base 15) to base 16
-789
What is 1470 (base 10) in base 15?
680
What is 321321 (base 4) in base 12?
2189
Convert 124330 (base 5) to base 3.
20210220
Convert 3212422 (base 5) to base 15.
11077
What is 2101120 (base 3) in base 12?
1013
Convert -2215 (base 6) to base 16.
-203
Convert 262 (base 14) to base 13.
2aa
-1123202 (base 5) to base 10
-20427
-20002 (base 3) to base 2
-10100100
Convert -2063a (base 11) to base 14.
-ad47
-31331 (base 4) to base 6
-4045
What is 10012132 (base 4) in base 12?
987a
What is 133 (base 6) in base 10?
57
Convert -2314 (base 12) to base 13.
-1a14
What is -a3 (base 12) in base 2?
-1111011
What is -16 (base 10) in base 5?
-31
Convert -473 (base 12) to base 16.
-297
What is 10377 (base 14) in base 3?
1222122111
What is 19 (base 10) in base 11?
18
Convert 15220 (base 10) to base 11.
10487
What is 121a (base 12) in base 7?
5641
Convert -213 (base 11) to base 9.
-314
What is 10100101101011 (base 2) in base 9?
15481
1672b (base 13) to base 14
1192b
Convert -256 (base 15) to base 5.
-4111
1052103 (base 6) to base 2
1101000101100111
Convert -162 (base 8) to base 9.
-136
What is 407 (base 10) in base 5?
3112
Convert -ea12 (base 15) to base 4.
-30011231
Convert -130 (base 5) to base 15.
-2a
Convert 2711 (base 10) to base 5.
41321
What is -2431 (base 6) in base 9?
-731
What is 10314 (base 6) in base 2?
10110000110
Convert -216cc (base 13) to base 9.
-101883
Convert 2952 (base 14) to base 10.
7324
5031 (base 10) to base 6
35143
Convert 1243 (base 9) to base 16.
3a2
Convert 3607 (base 8) to base 13.
b53
Convert 1204314 (base 5) to base 3.
1010210211
-3437 (base 9) to base 4
-213301
102065 (base 9) to base 7
341402
2002022002 (base 3) to base 15
c262
What is -21112313 (base 4) in base 12?
-1a21b
What is -1213 (base 5) in base 14?
-d1
What is 478 (base 10) in base 13?
2aa
What is 404 (base 7) in base 3?
21102
122012 (base 3) to base 7
1232
-502 (base 10) to base 9
-617
-256 (base 13) to base 10
-409
Convert -487 (base 13) to base 16.
-313
-10000010 (base 2) to base 6
-334
What is -56364 (base 7) in base 6?
-150000
Convert 4004 (base 5) to base 15.
239
Convert -8bb1 (base 14) to base 15.
-72c8
-1a453 (base 12) to base 11
-27051
-971f (base 16) to base 3
-1222001212
3333 (base 5) to base 2
111010100
What is 6408 (base 11) in base 13?
3b22
What is -21341 (base 6) in base 2?
-101101111101
Convert 44561 (base 10) to base 2.
1010111000010001
Convert -101100100 (base 2) to base 7.
-1016
What is 4317 (base 15) in base 3?
201110211
Convert -16c2 (base 14) to base 9.
-5544
What is -111111 (base 4) in base 3?
-1212120
-33313 (base 6) to base 3
-20101100
-8821 (base 10) to base 5
-240241
Convert 609 (base 12) to base 8.
1551
Convert -174 (base 8) to base 15.
-84
-4221 (base 5) to base 14
-2c1
Convert 1011012 (base 3) to base 14.
442
Convert -101020012 (base 3) to base 15.
-2322
What is 11412 (base 5) in base 9?
1152
Convert 602 (base 9) to base 10.
488
-10011001101 (base 2) to base 13
-737
Convert 2210020222 (base 3) to base 2.
1101011001001111
What is -1320 (base 8) in base 7?
-2046
What is 11212 (base 3) in base 14?
95
Convert 172 (base 11) to base 5.
1300
What is 9570 (base 12) in base 7?
65454
49b8 (base 12) to base 9
12405
What is 5 (base 12) in base 11?
5
153 (base 10) to base 3
12200
1760 (base 8) to base 3
1101100
What is -327d (base 15) in base 16?
-29c5
What is 100332113 (base 4) in base 10?
69527
Convert 11754 (base 8) to base 4.
1033230
-3a53 (base 11) to base 3
-21012212
What is -201011001 (base 3) in base 12?
-80b4
Convert 280 (base 13) to base 10.
442
What is -94cc (base 15) in base 4?
-132232